3?
7, 17, 19, 87473
List the prime factors of 2610816287.
61, 109, 392663
List the prime factors of 1416611083.
53, 67, 398933
What are the prime factors of 2020807485?
3, 5, 23, 463, 4217
List the prime factors of 941298566.
2, 13, 263, 10589
List the prime factors of 1572707570.
2, 5, 7, 17, 23, 37, 1553
List the prime factors of 13389840.
2, 3, 5, 6199
List the prime factors of 94270017.
3, 31423339
What are the prime factors of 1884725743?
71, 4229, 6277
List the prime factors of 2539515208.
2, 317439401
What are the prime factors of 52945539?
3, 1451, 12163
List the prime factors of 498051710.
2, 5, 13, 3831167
List the prime factors of 64653081.
3, 383, 56269
What are the prime factors of 3104575?
5, 124183
List the prime factors of 53751971.
7, 13, 6491
What are the prime factors of 40087897?
40087897
What are the prime factors of 4371231208?
2, 37, 61, 242093
List the prime factors of 821928049.
19, 2276809
List the prime factors of 2973940.
2, 5, 241, 617
List the prime factors of 52810734.
2, 3, 727, 12107
What are the prime factors of 20815983?
3, 1033, 2239
List the prime factors of 2836045726.
2, 31, 71, 613, 1051
List the prime factors of 4000169322.
2, 3, 222231629
What are the prime factors of 75965443?
607, 125149
What are the prime factors of 792660528?
2, 3, 11, 500417
List the prime factors of 39507219.
3, 4389691
What are the prime factors of 44175300?
2, 3, 5, 13, 47, 241
List the prime factors of 596546818.
2, 7, 241, 176807
What are the prime factors of 33963226?
2, 11, 23, 67121
List the prime factors of 101045173.
19, 971, 5477
List the prime factors of 82534284.
2, 3, 7, 327517
What are the prime factors of 1446585079?
1446585079
What are the prime factors of 641815?
5, 23, 5581
What are the prime factors of 263417043?
3, 397, 221173
What are the prime factors of 5164083194?
2, 43, 1396453
What are the prime factors of 64187215?
5, 607, 21149
List the prime factors of 1065379701.
3, 61, 79, 73693
What are the prime factors of 105362978?
2, 7, 587, 12821
List the prime factors of 131119634.
2, 65559817
What are the prime factors of 142370100?
2, 3, 5, 158189
What are the prime factors of 50059337?
101, 495637
List the prime factors of 161158585.
5, 7, 23, 107, 1871
List the prime factors of 54659892.
2, 3, 7, 92959
What are the prime factors of 3646353284?
2, 7, 130226903
List the prime factors of 13509200.
2, 5, 33773
List the prime factors of 11748579.
3, 3916193
List the prime factors of 2882203503.
3, 139, 6911759
What are the prime factors of 30796267?
191, 161237
What are the prime factors of 374233267?
7411, 50497
List the prime factors of 49001924.
2, 67, 2729
List the prime factors of 119860403.
13, 9220031
List the prime factors of 1262444792.
2, 7, 23, 980159
What are the prime factors of 3624844663?
11, 31, 61, 174263
What are the prime factors of 903064396?
2, 13, 17366623
What are the prime factors of 515132221?
515132221
List the prime factors of 15588717.
3, 229, 22691
What are the prime factors of 30193694?
2, 15096847
List the prime factors of 7987824076.
2, 1996956019
What are the prime factors of 63369608?
2, 17, 27409
List the prime factors of 29768372.
2, 7442093
List the prime factors of 30211835.
5, 47, 59, 2179
What are the prime factors of 371598482?
2, 67, 2773123
What are the prime factors of 260301855?
3, 5, 11, 173, 829
What are the prime factors of 426754960?
2, 5, 5334437
List the prime factors of 2977695340.
2, 5, 47, 127, 24943
What are the prime factors of 4189314?
2, 3, 293, 2383
What are the prime factors of 700452491?
700452491
List the prime factors of 64919909.
79, 821771
What are the prime factors of 32748876?
2, 3, 909691
List the prime factors of 212161585.
5, 42432317
What are the prime factors of 1848361033?
449, 4116617
What are the prime factors of 27001182?
2, 3, 13, 346169
What are the prime factors of 25193048?
2, 17, 185243
List the prime factors of 4054708981.
17, 41, 541, 10753
What are the prime factors of 1273375006?
2, 14653, 43451
List the prime factors of 74849811.
3, 691, 36107
What are the prime factors of 204663099?
3, 68221033
What are the prime factors of 351224714?
2, 167, 1051571
What are the prime factors of 5889272452?
2, 7, 19, 23, 481307
List the prime factors of 142140360.
2, 3, 5, 109, 10867
List the prime factors of 26428398.
2, 3, 4404733
What are the prime factors of 246155637?
3, 7, 13, 23, 197, 199
List the prime factors of 1423876354.
2, 711938177
List the prime factors of 747043395.
3, 5, 7, 7114699
List the prime factors of 285285.
3, 5, 7, 11, 13, 19
What are the prime factors of 39157748?
2, 7, 67, 20873
What are the prime factors of 7113010501?
41, 173488061
List the prime factors of 382424129.
17, 137, 164201
List the prime factors of 1234936735.
5, 246987347
What are the prime factors of 945008227?
945008227
List the prime factors of 224502214.
2, 19, 5907953
List the prime factors of 1062540968.
2, 2213, 60017
List the prime factors of 3869446326.
2, 3, 644907721
What are the prime factors of 72565997?
7, 19, 545609
What are the prime factors of 8077947?
3, 757, 3557
What are the prime factors of 38295056?
2, 67, 139, 257
List the prime factors of 493180425.
3, 5, 61, 35933
List the prime factors of 27698066.
2, 11, 17, 31, 2389
List the prime factors of 45131375.
5, 173, 2087
List the prime factors of 744462239.
61, 163, 74873
What are the prime factors of 17438004?
2, 3, 107, 503
What are the prime factors of 333542266?
2, 61, 79, 34607
List the prime factors of 118244085.
3, 5, 7882939
List the prime factors of 1093989836.
2, 109, 709, 3539
List the prime factors of 89152450.
2, 5, 41, 157, 277
What are the prime factors of 131346042?
2, 3, 41, 533927
List the prime factors of 41632105.
5, 8326421
List the prime factors of 611695042.
2, 7, 89, 490927
List the prime factors of 202736090.
2, 5, 877, 23117
What are the prime factors of 1030815513?
3, 7, 13, 1258627
List the prime factors of 1675928668.
2, 19, 277, 79609
List the prime factors of 977295679.
29, 353, 95467
What are the prime factors of 5931696069?
3, 13, 941, 17959
What are the prime factors of 238299718?
2, 137, 869707
List the prime factors of 20294589.
3, 7, 966409
What are the prime factors of 135213760?
2, 5, 11, 107, 359
What are the prime factors of 66170837?
29, 37, 83, 743
List the prime factors of 214458716.
2, 23, 43, 2357
What are the prime factors of 41616544?
2, 17, 113, 677
List the prime factors of 83482244.
2, 1283, 16267
What are the prime factors of 63440950?
2, 5, 79, 16061
What are the prime factors of 562857851?
283, 1988897
List the prime factors of 6311853.
3, 61, 11497
What are the prime factors of 61066633?
23, 2655071
List the prime factors of 5587942140.
2, 3, 5, 11, 29, 983
List the prime factors of 3863448147.
3, 13, 7477, 13249
List the prime factors of 44552287.
13, 47, 71, 79
List the prime factors of 25945011.
3, 281, 10259
What are the prime factors of 40798548?
2, 3, 7, 19, 8521
What are the prime factors of 1432709295?
3, 5, 95513953
List the prime factors of 3450762563.
683, 5052361
List the prime factors of 40183019.
17, 2363707
What are the prime factors of 57909523?
7, 599, 1973
What are the prime factors of 162815402?
2, 4133, 19697
What are the prime factors of 185434993?
23, 8062391
What are the prime factors of 176689167?
3, 58896389
What are the prime factors of 35647980?
2, 3, 5, 17, 34949
List the prime factors of 36356156.
2, 43, 211373
What are the prime factors of 162356353?
162356353
What are the prime factors of 40054870?
2, 5, 1429, 2803
List the prime factors of 43743614.
2, 21871807
List the prime factors of 827843376.
2, 3, 19, 907723
What are the prime factors of 11969257?
29, 271, 1523
What are the prime factors of 925104727?
29, 31900163
List the prime factors of 9504907159.
11, 23, 349, 107647
List the prime factors of 3510308528.
2, 271, 631, 1283
What are the prime factors of 264987794?
2, 19, 457, 15259
List the prime factors of 668620695.
3, 5, 23, 61, 31771
What are the prime factors of 242160857?
242160857
List the prime factors of 7227817132.
2, 19, 95102857
What are the prime factors of 68978601?
3, 2554763
What are the prime factors of 101471202?
2, 3, 7, 805327
List the prime factors of 59570165